ulate the remainder when 6669 is divided by 6589.
80
What is the remainder when 78680 is divided by 63?
56
Calculate the remainder when 9076 is divided by 2137.
528
What is the remainder when 46196 is divided by 57?
26
Calculate the remainder when 327742 is divided by 505.
502
What is the remainder when 25102 is divided by 5019?
7
What is the remainder when 208425 is divided by 6?
3
What is the remainder when 442 is divided by 203?
36
What is the remainder when 626 is divided by 308?
10
What is the remainder when 4623 is divided by 179?
148
Calculate the remainder when 69579 is divided by 2399.
8
What is the remainder when 8393764 is divided by 17?
14
What is the remainder when 525 is divided by 174?
3
What is the remainder when 17445 is divided by 982?
751
Calculate the remainder when 94422 is divided by 565.
67
Calculate the remainder when 114619 is divided by 514.
511
What is the remainder when 12155 is divided by 10?
5
Calculate the remainder when 170134 is divided by 20.
14
What is the remainder when 21802 is divided by 4?
2
Calculate the remainder when 5968 is divided by 1089.
523
Calculate the remainder when 694027 is divided by 231320.
67
Calculate the remainder when 6022 is divided by 604.
586
What is the remainder when 150803 is divided by 9?
8
Calculate the remainder when 570508 is divided by 27.
25
Calculate the remainder when 26131 is divided by 3259.
59
What is the remainder when 23428 is divided by 2341?
18
What is the remainder when 467453 is divided by 664?
661
Calculate the remainder when 27571 is divided by 279.
229
What is the remainder when 30595 is divided by 10198?
1
What is the remainder when 1408 is divided by 282?
280
What is the remainder when 188599 is divided by 188592?
7
Calculate the remainder when 6484 is divided by 14.
2
What is the remainder when 115187 is divided by 115?
72
Calculate the remainder when 20620 is divided by 4115.
45
Calculate the remainder when 95768 is divided by 23935.
28
What is the remainder when 523 is divided by 88?
83
Calculate the remainder when 1452 is divided by 4.
0
What is the remainder when 344 is divided by 90?
74
What is the remainder when 556 is divided by 183?
7
What is the remainder when 3103 is divided by 347?
327
Calculate the remainder when 43127 is divided by 280.
7
What is the remainder when 46919 is divided by 26?
15
Calculate the remainder when 5812 is divided by 60.
52
What is the remainder when 29719 is divided by 249?
88
Calculate the remainder when 7574 is divided by 1856.
150
Calculate the remainder when 32909 is divided by 13.
6
What is the remainder when 3218157 is divided by 817?
811
Calculate the remainder when 6596 is divided by 1092.
44
What is the remainder when 104463 is divided by 16?
15
Calculate the remainder when 11650 is divided by 1940.
10
What is the remainder when 103973 is divided by 634?
631
What is the remainder when 71538 is divided by 292?
290
What is the remainder when 8626 is divided by 479?
4
Calculate the remainder when 28685 is divided by 34.
23
What is the remainder when 185818 is divided by 1327?
38
What is the remainder when 67309 is divided by 33475?
359
Calculate the remainder when 95372 is divided by 84.
32
What is the remainder when 6093 is divided by 2020?
33
Calculate the remainder when 301168 is divided by 75290.
8
What is the remainder when 12293 is divided by 407?
83
Calculate the remainder when 1016 is divided by 606.
410
What is the remainder when 416851 is divided by 1336?
19
What is the remainder when 195245 is divided by 299?
297
Calculate the remainder when 7380 is divided by 2053.
1221
Calculate the remainder when 26248 is divided by 8690.
178
Calculate the remainder when 21580 is divided by 21447.
133
Calculate the remainder when 74801 is divided by 24927.
20
Calculate the remainder when 88734 is divided by 4225.
9
Calculate the remainder when 1747 is divided by 833.
81
What is the remainder when 11721 is divided by 1277?
228
What is the remainder when 38771 is divided by 343?
12
What is the remainder when 84293 is divided by 7663?
0
What is the remainder when 3607418 is divided by 42?
38
What is the remainder when 8301 is divided by 288?
237
Calculate the remainder when 111648 is divided by 163.
156
Calculate the remainder when 7057 is divided by 2282.
211
Calculate the remainder when 1561 is divided by 1535.
26
Calculate the remainder when 25814 is divided by 69.
8
Calculate the remainder when 4969 is divided by 322.
139
Calculate the remainder when 1427502 is divided by 11.
10
Calculate the remainder when 60457 is divided by 74.
73
Calculate the remainder when 10358 is divided by 2714.
2216
Calculate the remainder when 1266 is divided by 1209.
57
What is the remainder when 51655 is divided by 25821?
13
Calculate the remainder when 4811 is divided by 12.
11
Calculate the remainder when 15520 is divided by 2581.
34
Calculate the remainder when 4055 is divided by 671.
29
Calculate the remainder when 2833 is divided by 350.
33
What is the remainder when 19489 is divided by 499?
28
What is the remainder when 31755 is divided by 262?
53
What is the remainder when 11847 is divided by 696?
15
What is the remainder when 33793 is divided by 6145?
3068
Calculate the remainder when 186667 is divided by 134.
5
What is the remainder when 1544 is divided by 9?
5
What is the remainder when 15107 is divided by 329?
302
Calculate the remainder when 15736 is divided by 246.
238
Calculate the remainder when 8095 is divided by 188.
11
What is the remainder when 2985 is divided by 2169?
816
What is the remainder when 18709 is divided by 94?
3
What is the remainder when 32339 is divided by 16148?
43
Calculate the remainder when 31579 is divided by 1871.
1643
What is the remainder when 11269 is divided by 322?
321
Calculate the remainder when 21899 is divided by 378.
353
What is the remainder when 783 is divided by 89?
71
What is the remainder when 423569 is divided by 6?
5
What is the remainder when 785761 is divided by 11?
9
Calculate the remainder when 10536 is divided by 1338.
1170
What is the remainder when 45714 is divided by 127?
121
Calculate the remainder when 88484 is divided by 2681.
11
Calculate the remainder when 4079596 is divided by 700.
696
Calculate the remainder when 97160 is divided by 126.
14
What is the remainder when 276486 is divided by 68?
66
Calculate the remainder when 218106 is divided by 17.
13
Calculate the remainder when 118140 is divided by 329.
29
What is the remainder when 18199 is divided by 120?
79
What is the remainder when 1464816 is divided by 36?
12
What is the remainder when 1443553 is divided by 282?
277
Calculate the remainder when 189 is divided by 47.
1
What is the remainder when 2626 is divided by 836?
118
What is the remainder when 1287 is divided by 48?
39
What is the remainder when 35813 is divided by 30?
23
What is the remainder when 18283 is divided by 1883?
1336
What is the remainder when 13924 is divided by 27?
19
Calculate the remainder when 2892614 is divided by 1242.
1238
What is the remainder when 7717583 is divided by 446?
445
Calculate the remainder when 314634 is divided by 687.
675
What is the remainder when 83173 is divided by 9241?
4
Calculate the remainder when 14181 is divided by 355.
336
What is the remainder when 1127 is divided by 337?
116
Calculate the remainder when 147205 is divided by 127.
12
Calculate the remainder when 20434 is divided by 2019.
244
What is the remainder when 99601 is divided by 33195?
16
Calculate the remainder when 21407 is divided by 3053.
36
Calculate the remainder when 44947 is divided by 2481.
289
Calculate the remainder when 139017 is divided by 324.
21
What is the remainder when 39061 is divided by 9761?
17
What is the remainder when 9900 is divided by 1357?
401
What is the remainder when 83801 is divided by 2394?
11
Calculate the remainder when 6232 is divided by 20.
12
What is the remainder when 2758 is divided by 550?
8
What is the remainder when 99504 is divided by 24854?
88
What is the remainder when 46226 is divided by 53?
10
Calculate the remainder when 648 is divided by 603.
45
Calculate the remainder when 4954 is divided by 414.
400
What is the remainder when 29166 is divided by 442?
436
Calculate the remainder when 12736 is divide